 the prime factors of 106034?
2, 53017
What are the prime factors of 1798?
2, 29, 31
List the prime factors of 2340.
2, 3, 5, 13
List the prime factors of 16.
2
List the prime factors of 40482.
2, 3, 13, 173
What are the prime factors of 12033?
3, 7, 191
List the prime factors of 5205.
3, 5, 347
What are the prime factors of 72008?
2, 9001
List the prime factors of 1989.
3, 13, 17
What are the prime factors of 12446?
2, 7, 127
List the prime factors of 4076.
2, 1019
What are the prime factors of 22685?
5, 13, 349
List the prime factors of 4746.
2, 3, 7, 113
List the prime factors of 4227.
3, 1409
List the prime factors of 7116.
2, 3, 593
What are the prime factors of 12501?
3, 463
List the prime factors of 14818.
2, 31, 239
List the prime factors of 1343.
17, 79
What are the prime factors of 4492?
2, 1123
What are the prime factors of 3204?
2, 3, 89
What are the prime factors of 5942?
2, 2971
List the prime factors of 1525.
5, 61
List the prime factors of 23246.
2, 59, 197
List the prime factors of 1746.
2, 3, 97
List the prime factors of 137122.
2, 17, 37, 109
List the prime factors of 31881.
3, 10627
What are the prime factors of 381?
3, 127
What are the prime factors of 164?
2, 41
List the prime factors of 19445.
5, 3889
What are the prime factors of 1256?
2, 157
What are the prime factors of 61506?
2, 3, 17, 67
List the prime factors of 22118.
2, 11059
List the prime factors of 89.
89
What are the prime factors of 6373?
6373
What are the prime factors of 96078?
2, 3, 67, 239
What are the prime factors of 69128?
2, 8641
What are the prime factors of 6715?
5, 17, 79
What are the prime factors of 977?
977
List the prime factors of 21296.
2, 11
What are the prime factors of 12321?
3, 37
What are the prime factors of 655?
5, 131
What are the prime factors of 4666?
2, 2333
List the prime factors of 14670.
2, 3, 5, 163
List the prime factors of 51311.
13, 3947
List the prime factors of 6771.
3, 37, 61
What are the prime factors of 153771?
3, 51257
List the prime factors of 619.
619
What are the prime factors of 64287?
3, 2381
List the prime factors of 1827.
3, 7, 29
What are the prime factors of 492?
2, 3, 41
What are the prime factors of 881?
881
What are the prime factors of 8606?
2, 13, 331
List the prime factors of 1499.
1499
What are the prime factors of 318?
2, 3, 53
List the prime factors of 17602.
2, 13, 677
List the prime factors of 78901.
78901
List the prime factors of 32733.
3, 3637
What are the prime factors of 32632?
2, 4079
What are the prime factors of 1814?
2, 907
List the prime factors of 25233.
3, 13, 647
What are the prime factors of 2478?
2, 3, 7, 59
What are the prime factors of 31229?
11, 17, 167
List the prime factors of 11264.
2, 11
List the prime factors of 9985.
5, 1997
What are the prime factors of 1853?
17, 109
List the prime factors of 161295.
3, 5, 10753
What are the prime factors of 26374?
2, 13187
List the prime factors of 737.
11, 67
What are the prime factors of 7567?
7, 23, 47
List the prime factors of 9552.
2, 3, 199
What are the prime factors of 6648?
2, 3, 277
What are the prime factors of 873?
3, 97
List the prime factors of 7218.
2, 3, 401
What are the prime factors of 958?
2, 479
List the prime factors of 9121.
7, 1303
List the prime factors of 29433.
3, 9811
List the prime factors of 1334.
2, 23, 29
What are the prime factors of 1630?
2, 5, 163
What are the prime factors of 34331?
11, 3121
List the prime factors of 4709.
17, 277
List the prime factors of 71669.
13, 37, 149
List the prime factors of 471.
3, 157
What are the prime factors of 3395?
5, 7, 97
List the prime factors of 124570.
2, 5, 12457
What are the prime factors of 1882?
2, 941
List the prime factors of 700.
2, 5, 7
What are the prime factors of 2568?
2, 3, 107
What are the prime factors of 9290?
2, 5, 929
What are the prime factors of 10056?
2, 3, 419
List the prime factors of 84987.
3, 7, 19, 71
What are the prime factors of 593?
593
List the prime factors of 8725.
5, 349
What are the prime factors of 22179?
3, 7393
List the prime factors of 6331.
13, 487
What are the prime factors of 988?
2, 13, 19
What are the prime factors of 5302?
2, 11, 241
List the prime factors of 521.
521
What are the prime factors of 974?
2, 487
What are the prime factors of 500?
2, 5
List the prime factors of 1594.
2, 797
List the prime factors of 7632.
2, 3, 53
List the prime factors of 7730.
2, 5, 773
What are the prime factors of 3378?
2, 3, 563
List the prime factors of 13068.
2, 3, 11
What are the prime factors of 997?
997
List the prime factors of 17942.
2, 8971
List the prime factors of 49309.
13, 3793
List the prime factors of 689.
13, 53
What are the prime factors of 34640?
2, 5, 433
List the prime factors of 21971.
127, 173
What are the prime factors of 59361?
3, 47, 421
What are the prime factors of 27177?
3, 9059
What are the prime factors of 17537?
13, 19, 71
What are the prime factors of 18928?
2, 7, 13
What are the prime factors of 9086?
2, 7, 11, 59
List the prime factors of 7733.
11, 19, 37
List the prime factors of 2222.
2, 11, 101
What are the prime factors of 4291?
7, 613
What are the prime factors of 4161?
3, 19, 73
What are the prime factors of 5108?
2, 1277
List the prime factors of 1319.
1319
List the prime factors of 3260.
2, 5, 163
List the prime factors of 27078.
2, 3, 4513
What are the prime factors of 2263?
31, 73
List the prime factors of 2571.
3, 857
List the prime factors of 13433.
7, 19, 101
List the prime factors of 43551.
3, 1613
What are the prime factors of 10551?
3, 3517
What are the prime factors of 1366?
2, 683
List the prime factors of 2200.
2, 5, 11
List the prime factors of 1782.
2, 3, 11
List the prime factors of 4414.
2, 2207
What are the prime factors of 44?
2, 11
What are the prime factors of 5657?
5657
What are the prime factors of 136356?
2, 3, 11, 1033
List the prime factors of 1977.
3, 659
List the prime factors of 5505.
3, 5, 367
List the prime factors of 13249.
13249
What are the prime factors of 3967?
3967
List the prime factors of 28539.
3, 7, 151
What are the prime factors of 847?
7, 11
What are the prime factors of 232?
2, 29
List the prime factors of 81807.
3, 11, 37, 67
What are the prime factors of 2320?
2, 5, 29
What are the prime factors of 11490?
2, 3, 5, 383
List the prime factors of 753.
3, 251
List the prime factors of 78626.
2, 39313
What are the prime factors of 14073?
3, 4691
List the prime factors of 3578.
2, 1789
What are the prime factors of 6727?
7, 31
What are the prime factors of 1023?
3, 11, 31
What are the prime factors of 7407?
3, 823
List the prime factors of 323.
17, 19
List the prime factors of 915.
3, 5, 61
List the prime factors of 481.
13, 37
List the prime factors of 2954.
2, 7, 211
List the prime factors of 65827.
65827
List the prime factors of 44678.
2, 89, 251
What are the prime factors of 8950?
2, 5, 179
What are the prime factors of 10358?
2, 5179
What are the prime factors of 63631?
17, 19, 197
What are the prime factors of 116984?
2, 7, 2089
What are the prime factors of 1305?
3, 5, 29
List the prime factors of 55749.
3, 18583
List the prime factors of 122162.
2, 17, 3593
What are the prime factors of 28109?
28109
List the prime factors of 53040.
2, 3, 5, 13, 17
What are the prime factors of 5518?
2, 31, 89
What are the prime factors of 1942?
2, 971
List the prime factors of 385.
5, 7, 11
List the prime factors of 22685.
5, 13, 349
List the prime factors of 116162.
2, 241
List the prime factors of 319.
11, 29
List the prime factors of 4738.
2, 23, 103
What are the prime factors of 5357?
11, 487
What are the prime factors of 102?
2, 3, 17
What are the prime factors of 35216?
2, 31, 71
List the prime factors of 3072.
2, 3
List the prime factors of 635.
5, 127
What are the prime factors of 3985?
5, 797
List the prime factors of 69857.
69857
List the prime factors of 101163.
3, 33721
What are the prime factors of 1457?
31, 47
List the prime factors of 98.
2, 7
What are the prime factors of 3068?
2, 13, 59
What are the prime factors of 4075?
5, 163
List the prime factors of 38370.
2, 3, 5, 1279
What are the prime factors of 9439?
9439
List the prime factors of 40399.
71, 569
What are the prime factors of 35648?
2, 557
List the prime factors of 3814.
2, 1907
What are the 